Dec 02 00:16:56.579 INFO testing arrrght/dns-test against master#8940af3cea4a9a9deabcaf843b2f8cad9a83fc61 for beta-1.31-5
Dec 02 00:16:56.579 INFO running `"docker" "create" "-v" "/mnt/big/crater/work/local/target-dirs/beta-1.31-5/worker-4/master#8940af3cea4a9a9deabcaf843b2f8cad9a83fc61:/target:rw,Z" "-v" "/mnt/big/crater/work/local/test-source/worker-4/beta-1.31-5/master#8940af3cea4a9a9deabcaf843b2f8cad9a83fc61:/source:ro,Z" "-v" "/mnt/big/crater/work/local/cargo-home:/cargo-home:ro,Z" "-v" "/mnt/big/crater/work/local/rustup-home:/rustup-home:ro,Z" "-e" "USER_ID=1000" "-e" "SOURCE_DIR=/source" "-e" "USER_ID=1000" "-e" "CMD=cargo +8940af3cea4a9a9deabcaf843b2f8cad9a83fc61-alt build --frozen" "-e" "CARGO_TARGET_DIR=/target" "-e" "CARGO_INCREMENTAL=0" "-e" "RUST_BACKTRACE=full" "-e" "RUSTFLAGS=--cap-lints=warn" "-e" "CARGO_HOME=/cargo-home" "-e" "RUSTUP_HOME=/rustup-home" "-m" "1536M" "--network" "none" "crater"`
Dec 02 00:16:56.746 INFO [stdout] 9afd079cd3e0feb6868a58291fdcfa969f29ed6f41cefc8688279563e1339348
Dec 02 00:16:56.748 INFO running `"docker" "start" "-a" "9afd079cd3e0feb6868a58291fdcfa969f29ed6f41cefc8688279563e1339348"`
Dec 02 00:16:57.078 INFO [stderr] usermod: no changes
Dec 02 00:16:57.207 INFO [stderr]    Compiling dns-parser v0.8.0
Dec 02 00:16:57.208 INFO [stderr]    Compiling tokio-reactor v0.1.6
Dec 02 00:17:00.179 INFO [stderr]    Compiling tokio-uds v0.2.3
Dec 02 00:17:00.179 INFO [stderr]    Compiling tokio-tcp v0.1.2
Dec 02 00:17:00.179 INFO [stderr]    Compiling tokio-udp v0.1.2
Dec 02 00:17:04.123 INFO [stderr]    Compiling tokio v0.1.11
Dec 02 00:17:07.363 INFO [stderr]    Compiling dns-test v0.1.0 (/source)
Dec 02 00:17:09.567 INFO [stderr] warning: struct is never constructed: `PB`
Dec 02 00:17:09.567 INFO [stderr]  --> src/pb.rs:8:1
Dec 02 00:17:09.567 INFO [stderr]   |
Dec 02 00:17:09.567 INFO [stderr] 8 | pub struct PB;
Dec 02 00:17:09.567 INFO [stderr]   | ^^^^^^^^^^^^^^
Dec 02 00:17:09.567 INFO [stderr]   |
Dec 02 00:17:09.567 INFO [stderr]   = note: #[warn(dead_code)] on by default
Dec 02 00:17:09.567 INFO [stderr] 
Dec 02 00:17:11.018 INFO [stderr]     Finished dev [unoptimized + debuginfo] target(s) in 13.92s
Dec 02 00:17:11.027 INFO [stderr] su: No module specific data is present
Dec 02 00:17:11.404 INFO running `"docker" "inspect" "9afd079cd3e0feb6868a58291fdcfa969f29ed6f41cefc8688279563e1339348"`
Dec 02 00:17:11.498 INFO running `"docker" "rm" "-f" "9afd079cd3e0feb6868a58291fdcfa969f29ed6f41cefc8688279563e1339348"`
Dec 02 00:17:11.616 INFO [stdout] 9afd079cd3e0feb6868a58291fdcfa969f29ed6f41cefc8688279563e1339348
Dec 02 00:17:11.621 INFO running `"docker" "create" "-v" "/mnt/big/crater/work/local/target-dirs/beta-1.31-5/worker-4/master#8940af3cea4a9a9deabcaf843b2f8cad9a83fc61:/target:rw,Z" "-v" "/mnt/big/crater/work/local/test-source/worker-4/beta-1.31-5/master#8940af3cea4a9a9deabcaf843b2f8cad9a83fc61:/source:ro,Z" "-v" "/mnt/big/crater/work/local/cargo-home:/cargo-home:ro,Z" "-v" "/mnt/big/crater/work/local/rustup-home:/rustup-home:ro,Z" "-e" "USER_ID=1000" "-e" "SOURCE_DIR=/source" "-e" "USER_ID=1000" "-e" "CMD=cargo +8940af3cea4a9a9deabcaf843b2f8cad9a83fc61-alt test --frozen --no-run" "-e" "CARGO_TARGET_DIR=/target" "-e" "CARGO_INCREMENTAL=0" "-e" "RUST_BACKTRACE=full" "-e" "RUSTFLAGS=--cap-lints=warn" "-e" "CARGO_HOME=/cargo-home" "-e" "RUSTUP_HOME=/rustup-home" "-m" "1536M" "--network" "none" "crater"`
Dec 02 00:17:11.808 INFO [stdout] 51a128e4680b848ed227261eea09d7577a5124aa315c1016b402b11922b9287b
Dec 02 00:17:11.812 INFO running `"docker" "start" "-a" "51a128e4680b848ed227261eea09d7577a5124aa315c1016b402b11922b9287b"`
Dec 02 00:17:12.176 INFO [stderr] usermod: no changes
Dec 02 00:17:12.276 INFO [stderr]    Compiling dns-test v0.1.0 (/source)
Dec 02 00:17:14.318 INFO [stderr] warning: struct is never constructed: `PB`
Dec 02 00:17:14.318 INFO [stderr]  --> src/pb.rs:8:1
Dec 02 00:17:14.318 INFO [stderr]   |
Dec 02 00:17:14.318 INFO [stderr] 8 | pub struct PB;
Dec 02 00:17:14.318 INFO [stderr]   | ^^^^^^^^^^^^^^
Dec 02 00:17:14.318 INFO [stderr]   |
Dec 02 00:17:14.318 INFO [stderr]   = note: #[warn(dead_code)] on by default
Dec 02 00:17:14.318 INFO [stderr] 
Dec 02 00:17:15.254 INFO [stderr]     Finished dev [unoptimized + debuginfo] target(s) in 3.05s
Dec 02 00:17:15.259 INFO [stderr] su: No module specific data is present
Dec 02 00:17:15.567 INFO running `"docker" "inspect" "51a128e4680b848ed227261eea09d7577a5124aa315c1016b402b11922b9287b"`
Dec 02 00:17:15.655 INFO running `"docker" "rm" "-f" "51a128e4680b848ed227261eea09d7577a5124aa315c1016b402b11922b9287b"`
Dec 02 00:17:15.822 INFO [stdout] 51a128e4680b848ed227261eea09d7577a5124aa315c1016b402b11922b9287b
Dec 02 00:17:15.823 INFO running `"docker" "create" "-v" "/mnt/big/crater/work/local/target-dirs/beta-1.31-5/worker-4/master#8940af3cea4a9a9deabcaf843b2f8cad9a83fc61:/target:rw,Z" "-v" "/mnt/big/crater/work/local/test-source/worker-4/beta-1.31-5/master#8940af3cea4a9a9deabcaf843b2f8cad9a83fc61:/source:ro,Z" "-v" "/mnt/big/crater/work/local/cargo-home:/cargo-home:ro,Z" "-v" "/mnt/big/crater/work/local/rustup-home:/rustup-home:ro,Z" "-e" "USER_ID=1000" "-e" "SOURCE_DIR=/source" "-e" "USER_ID=1000" "-e" "CMD=cargo +8940af3cea4a9a9deabcaf843b2f8cad9a83fc61-alt test --frozen" "-e" "CARGO_TARGET_DIR=/target" "-e" "CARGO_INCREMENTAL=0" "-e" "RUST_BACKTRACE=full" "-e" "RUSTFLAGS=--cap-lints=warn" "-e" "CARGO_HOME=/cargo-home" "-e" "RUSTUP_HOME=/rustup-home" "-m" "1536M" "--network" "none" "crater"`
Dec 02 00:17:16.016 INFO [stdout] 78e448eba557fa8acc98d7d1e54ec462d8303cc50a211eaebacbb6a7108c8914
Dec 02 00:17:16.018 INFO running `"docker" "start" "-a" "78e448eba557fa8acc98d7d1e54ec462d8303cc50a211eaebacbb6a7108c8914"`
Dec 02 00:17:16.388 INFO [stderr] usermod: no changes
Dec 02 00:17:16.475 INFO [stderr]     Finished dev [unoptimized + debuginfo] target(s) in 0.07s
Dec 02 00:17:16.477 INFO [stderr]      Running /target/debug/deps/dns_test-2c8d0b46d1ea94d3
Dec 02 00:17:16.480 INFO [stdout] 
Dec 02 00:17:16.480 INFO [stdout] running 1 test
Dec 02 00:17:16.515 INFO [stdout] test tests::prs2_test ... FAILED
Dec 02 00:17:16.515 INFO [stdout] 
Dec 02 00:17:16.515 INFO [stdout] failures:
Dec 02 00:17:16.515 INFO [stdout] 
Dec 02 00:17:16.515 INFO [stdout] ---- tests::prs2_test stdout ----
Dec 02 00:17:16.515 INFO [stdout] thread 'tests::prs2_test' panicked at 'assertion failed: `(left == right)`
Dec 02 00:17:16.515 INFO [stdout]   left: `false`,
Dec 02 00:17:16.515 INFO [stdout]  right: `true`', src/main.rs:124:9
Dec 02 00:17:16.515 INFO [stdout] stack backtrace:
Dec 02 00:17:16.515 INFO [stdout]    0:     0x55a2d937585f - std::sys::unix::backtrace::tracing::imp::unwind_backtrace::h3a8b83e1922cbdde
Dec 02 00:17:16.515 INFO [stdout]                                at libstd/sys/unix/backtrace/tracing/gcc_s.rs:49
Dec 02 00:17:16.515 INFO [stdout]    1:     0x55a2d937f2f7 - std::sys_common::backtrace::print::h00d3155a29b4020f
Dec 02 00:17:16.515 INFO [stdout]                                at libstd/sys_common/backtrace.rs:71
Dec 02 00:17:16.515 INFO [stdout]                                at libstd/sys_common/backtrace.rs:59
Dec 02 00:17:16.515 INFO [stdout]    2:     0x55a2d9379e8f - std::panicking::default_hook::{{closure}}::hd7465c742e79e1bb
Dec 02 00:17:16.515 INFO [stdout]                                at libstd/panicking.rs:211
Dec 02 00:17:16.515 INFO [stdout]    3:     0x55a2d9379b8e - std::panicking::default_hook::h9e3966f2aa2a6e12
Dec 02 00:17:16.515 INFO [stdout]                                at libstd/panicking.rs:221
Dec 02 00:17:16.515 INFO [stdout]    4:     0x55a2d937a56e - std::panicking::rust_panic_with_hook::h587f091ae747d080
Dec 02 00:17:16.515 INFO [stdout]                                at libstd/panicking.rs:476
Dec 02 00:17:16.515 INFO [stdout]    5:     0x55a2d937a111 - std::panicking::continue_panic_fmt::hb3a4fdede87f43a8
Dec 02 00:17:16.515 INFO [stdout]                                at libstd/panicking.rs:390
Dec 02 00:17:16.515 INFO [stdout]    6:     0x55a2d937a05e - std::panicking::begin_panic_fmt::h387afc7da9a10555
Dec 02 00:17:16.515 INFO [stdout]                                at libstd/panicking.rs:345
Dec 02 00:17:16.515 INFO [stdout]    7:     0x55a2d931333d - dns_test::tests::prs2_test::h72a7da127f1b3542
Dec 02 00:17:16.515 INFO [stdout]                                at src/main.rs:124
Dec 02 00:17:16.515 INFO [stdout]    8:     0x55a2d9312169 - dns_test::tests::prs2_test::{{closure}}::hd9ed69d77a627e38
Dec 02 00:17:16.515 INFO [stdout]                                at src/main.rs:100
Dec 02 00:17:16.515 INFO [stdout]    9:     0x55a2d9319d7d - core::ops::function::FnOnce::call_once::h80d44a05c95f9908
Dec 02 00:17:16.515 INFO [stdout]                                at libcore/ops/function.rs:238
Dec 02 00:17:16.515 INFO [stdout]   10:     0x55a2d931bfce - <F as alloc::boxed::FnBox<A>>::call_box::hac903f91577a156c
Dec 02 00:17:16.515 INFO [stdout]                                at libtest/lib.rs:1468
Dec 02 00:17:16.515 INFO [stdout]                                at libcore/ops/function.rs:238
Dec 02 00:17:16.516 INFO [stdout]                                at liballoc/boxed.rs:672
Dec 02 00:17:16.516 INFO [stdout]   11:     0x55a2d938a2a9 - __rust_maybe_catch_panic
Dec 02 00:17:16.516 INFO [stdout]                                at libpanic_unwind/lib.rs:102
Dec 02 00:17:16.516 INFO [stdout]   12:     0x55a2d933dc22 - std::sys_common::backtrace::__rust_begin_short_backtrace::hb8f0d0309526c184
Dec 02 00:17:16.516 INFO [stdout]                                at libstd/panicking.rs:289
Dec 02 00:17:16.516 INFO [stdout]                                at libstd/panic.rs:392
Dec 02 00:17:16.516 INFO [stdout]                                at libtest/lib.rs:1423
Dec 02 00:17:16.516 INFO [stdout]                                at libstd/sys_common/backtrace.rs:136
Dec 02 00:17:16.516 INFO [stdout]   13:     0x55a2d933e6d4 - std::panicking::try::do_call::hc2f7c8b9a348d8db
Dec 02 00:17:16.516 INFO [stdout]                                at libstd/thread/mod.rs:409
Dec 02 00:17:16.516 INFO [stdout]                                at libstd/panic.rs:313
Dec 02 00:17:16.516 INFO [stdout]                                at libstd/panicking.rs:310
Dec 02 00:17:16.516 INFO [stdout]   14:     0x55a2d938a2a9 - __rust_maybe_catch_panic
Dec 02 00:17:16.516 INFO [stdout]                                at libpanic_unwind/lib.rs:102
Dec 02 00:17:16.516 INFO [stdout]   15:     0x55a2d932b90c - <F as alloc::boxed::FnBox<A>>::call_box::h6bfded618e480b32
Dec 02 00:17:16.516 INFO [stdout]                                at libstd/panicking.rs:289
Dec 02 00:17:16.516 INFO [stdout]                                at libstd/panic.rs:392
Dec 02 00:17:16.516 INFO [stdout]                                at libstd/thread/mod.rs:408
Dec 02 00:17:16.516 INFO [stdout]                                at liballoc/boxed.rs:672
Dec 02 00:17:16.516 INFO [stdout]   16:     0x55a2d9377bed - std::sys_common::thread::start_thread::h4c28257d67cdf9cb
Dec 02 00:17:16.516 INFO [stdout]                                at liballoc/boxed.rs:682
Dec 02 00:17:16.516 INFO [stdout]                                at libstd/sys_common/thread.rs:24
Dec 02 00:17:16.516 INFO [stdout]   17:     0x55a2d936a585 - std::sys::unix::thread::Thread::new::thread_start::hfecb2e7eff8fd34f
Dec 02 00:17:16.516 INFO [stdout]                                at libstd/sys/unix/thread.rs:90
Dec 02 00:17:16.516 INFO [stdout]   18:     0x7f3754bfe6b9 - start_thread
Dec 02 00:17:16.516 INFO [stdout]   19:     0x7f375471e41c - clone
Dec 02 00:17:16.516 INFO [stdout]   20:                0x0 - <unknown>
Dec 02 00:17:16.516 INFO [stdout] 
Dec 02 00:17:16.516 INFO [stdout] 
Dec 02 00:17:16.516 INFO [stdout] failures:
Dec 02 00:17:16.516 INFO [stdout]     tests::prs2_test
Dec 02 00:17:16.516 INFO [stdout] 
Dec 02 00:17:16.516 INFO [stdout] test result: FAILED. 0 passed; 1 failed; 0 ignored; 0 measured; 0 filtered out
Dec 02 00:17:16.516 INFO [stdout] 
Dec 02 00:17:16.516 INFO [stderr] error: test failed, to rerun pass '--bin dns-test'
Dec 02 00:17:16.517 INFO [stderr] su: No module specific data is present
Dec 02 00:17:16.859 INFO running `"docker" "inspect" "78e448eba557fa8acc98d7d1e54ec462d8303cc50a211eaebacbb6a7108c8914"`
Dec 02 00:17:17.011 INFO running `"docker" "rm" "-f" "78e448eba557fa8acc98d7d1e54ec462d8303cc50a211eaebacbb6a7108c8914"`
Dec 02 00:17:17.243 INFO [stdout] 78e448eba557fa8acc98d7d1e54ec462d8303cc50a211eaebacbb6a7108c8914
